 is divided by 2489?
1461
Calculate the remainder when 193295 is divided by 2457.
1649
Calculate the remainder when 979916 is divided by 119.
70
Calculate the remainder when 1330143 is divided by 44338.
3
Calculate the remainder when 108133 is divided by 2338.
585
Calculate the remainder when 66929 is divided by 22067.
728
What is the remainder when 3277053 is divided by 28496?
13
What is the remainder when 347590 is divided by 1687?
68
What is the remainder when 5554 is divided by 81?
46
Calculate the remainder when 22022167 is divided by 56.
55
What is the remainder when 135967883 is divided by 37?
24
Calculate the remainder when 469751 is divided by 31299.
266
Calculate the remainder when 3134352 is divided by 644.
4
What is the remainder when 240706 is divided by 1810?
1786
Calculate the remainder when 7281640 is divided by 39148.
112
What is the remainder when 967756 is divided by 967728?
28
Calculate the remainder when 2044789 is divided by 296.
21
Calculate the remainder when 36736 is divided by 4101.
3928
Calculate the remainder when 5635152 is divided by 939192.
0
Calculate the remainder when 2314359 is divided by 149.
91
Calculate the remainder when 2377604 is divided by 48522.
26
What is the remainder when 3892419 is divided by 51?
48
Calculate the remainder when 62225277 is divided by 80.
77
Calculate the remainder when 45592870 is divided by 3377.
3370
What is the remainder when 58648572 is divided by 6615?
6597
What is the remainder when 968052 is divided by 60383?
1924
Calculate the remainder when 70100020 is divided by 280.
60
Calculate the remainder when 1936623 is divided by 27276.
27
Calculate the remainder when 1462517 is divided by 115.
62
Calculate the remainder when 647034 is divided by 2568.
2466
Calculate the remainder when 20433 is divided by 1530.
543
Calculate the remainder when 136324871 is divided by 10291.
10285
What is the remainder when 428910 is divided by 4860?
1230
Calculate the remainder when 7554961 is divided by 377745.
61
Calculate the remainder when 8008915 is divided by 145616.
35
What is the remainder when 702448 is divided by 8416?
3920
Calculate the remainder when 2555057 is divided by 6964.
6233
What is the remainder when 1788711 is divided by 4189?
8
What is the remainder when 137928329 is divided by 3090?
3089
What is the remainder when 924304 is divided by 117?
4
Calculate the remainder when 3537862 is divided by 159.
112
Calculate the remainder when 607453687 is divided by 989.
986
What is the remainder when 201760 is divided by 1403?
1131
What is the remainder when 3243152 is divided by 324315?
2
What is the remainder when 24456783 is divided by 3595?
3593
What is the remainder when 27431314 is divided by 198?
196
What is the remainder when 673012 is divided by 14576?
2516
Calculate the remainder when 3144 is divided by 73.
5
What is the remainder when 17472452 is divided by 92?
88
What is the remainder when 18925 is divided by 4627?
417
What is the remainder when 681373 is divided by 325?
173
What is the remainder when 38007 is divided by 1395?
342
What is the remainder when 25118 is divided by 23146?
1972
Calculate the remainder when 2543312 is divided by 38522.
860
Calculate the remainder when 174334 is divided by 1892.
270
Calculate the remainder when 1222014 is divided by 15275.
14
What is the remainder when 729843 is divided by 12161?
183
What is the remainder when 25647052 is divided by 72?
4
What is the remainder when 1188444 is divided by 225?
219
What is the remainder when 21383293 is divided by 1336455?
13
Calculate the remainder when 130465 is divided by 3725.
90
Calculate the remainder when 484259 is divided by 441.
41
What is the remainder when 18157 is divided by 9076?
5
What is the remainder when 1101827 is divided by 52466?
41
Calculate the remainder when 16031 is divided by 1551.
521
What is the remainder when 109352 is divided by 290?
22
Calculate the remainder when 4310100 is divided by 5211.
603
What is the remainder when 1575294 is divided by 35?
14
Calculate the remainder when 222572 is divided by 3526.
434
Calculate the remainder when 9670909 is divided by 54.
49
What is the remainder when 5294050 is divided by 1764037?
1939
What is the remainder when 13932497 is divided by 699?
29
What is the remainder when 9619599 is divided by 2234?
2229
What is the remainder when 56974284 is divided by 3268?
3240
What is the remainder when 268484 is divided by 6740?
5624
What is the remainder when 56165498 is divided by 323?
320
Calculate the remainder when 57438 is divided by 9525.
288
What is the remainder when 49783692 is divided by 217396?
8
What is the remainder when 541644 is divided by 10024?
348
What is the remainder when 10757742 is divided by 135?
132
What is the remainder when 18223863 is divided by 134?
131
Calculate the remainder when 144940159 is divided by 3086.
3083
Calculate the remainder when 46521814 is divided by 22.
20
Calculate the remainder when 2236243 is divided by 1566.
1561
What is the remainder when 15495782 is divided by 379?
367
What is the remainder when 25961 is divided by 7667?
2960
Calculate the remainder when 1374322 is divided by 802.
496
What is the remainder when 4439136 is divided by 887821?
31
What is the remainder when 45563519 is divided by 912?
911
Calculate the remainder when 349603 is divided by 359.
296
What is the remainder when 1120602 is divided by 1861?
280
What is the remainder when 6897982 is divided by 164229?
364
Calculate the remainder when 37998 is divided by 1460.
38
What is the remainder when 19152602 is divided by 1864?
2
What is the remainder when 25833 is divided by 174?
81
Calculate the remainder when 95664 is divided by 4783.
4
Calculate the remainder when 5002663 is divided by 5002657.
6
Calculate the remainder when 5703425 is divided by 210.
35
What is the remainder when 188683994 is divided by 46?
44
Calculate the remainder when 703626 is divided by 551.
550
Calculate the remainder when 119190 is divided by 1469.
201
What is the remainder when 25145 is divided by 36?
17
Calculate the remainder when 980424 is divided by 36309.
81
Calculate the remainder when 62731552 is divided by 69.
64
Calculate the remainder when 55180 is divided by 345.
325
Calculate the remainder when 119007942 is divided by 35.
32
What is the remainder when 1690208 is divided by 99407?
289
What is the remainder when 241513797 is divided by 5060?
5057
Calculate the remainder when 80188 is divided by 40036.
116
Calculate the remainder when 13731 is divided by 6.
3
Calculate the remainder when 467182 is divided by 76967.
5380
What is the remainder when 5622160 is divided by 1065?
25
What is the remainder when 4261007 is divided by 1419408?
2783
Calculate the remainder when 579912 is divided by 148.
48
What is the remainder when 163884 is divided by 1139?
1007
What is the remainder when 177486 is divided by 777?
330
What is the remainder when 5644237 is divided by 182072?
5
What is the remainder when 7745334 is divided by 484081?
38
Calculate the remainder when 81523 is divided by 336.
211
Calculate the remainder when 748597009 is divided by 47.
44
What is the remainder when 3040057 is divided by 607931?
402
Calculate the remainder when 159127949 is divided by 40.
29
What is the remainder when 1381385 is divided by 924?
5
What is the remainder when 46240669 is divided by 833?
6
What is the remainder when 5480165 is divided by 7840?
5
Calculate the remainder when 52026 is divided by 1199.
469
What is the remainder when 178556 is divided by 8?
4
What is the remainder when 7360963 is divided by 9711?
25
Calculate the remainder when 475726 is divided by 1214.
1052
What is the remainder when 13961625 is divided by 43?
41
Calculate the remainder when 109088589 is divided by 11735.
29
What is the remainder when 7213 is divided by 7083?
130
Calculate the remainder when 692975 is divided by 1200.
575
What is the remainder when 265236 is divided by 853?
806
What is the remainder when 49006 is divided by 1862?
594
Calculate the remainder when 30037434 is divided by 17.
15
What is the remainder when 2069794 is divided by 895?
554
What is the remainder when 17889 is divided by 8762?
365
What is the remainder when 9222477 is divided by 127?
118
Calculate the 